Let j(y) = -4*y**3 - 5*y**2 + 4. Let c(q) = -69 + 3*q**3 - 6*q**3 - 4*q**2 + 72. Let r(w) = 5*c(w) - 4*j(w). What is r(u)?
-2
Let h = -9 - -11. Let o = -27 - h. Let s = o - -30. Let k(r) = -10*r**2 - r. Calculate k(s).
-11
Let i(j) = -4*j**2 + 1. Suppose 15 = -2*n - 3*n. Let r(b) = -b**3 - 2*b**2 + 3*b + 1. Let o be r(n). Let h be (-1)/(-1) + o + -1. Determine i(h).
-3
Let h(k) = 3*k**2 - 23*k. Let b be h(8). Let p(w) = 2 + 9*w**2 - w**3 - 9*w + 2 + 1. Give p(b).
-3
Let c(u) be the first derivative of -u**4/4 - 7*u**3/3 - u**2 - 5*u - 2. Suppose -218 = 16*f - 106. What is c(f)?
9
Let y(b) = b**2 + 29*b + 184. Let r be y(-20). Let d(a) = a**3 - 5*a**2 + 5*a - 1. Calculate d(r).
3
Let m(l) = l - 4. Let f(s) = -7 + 0*s - 3*s + 5*s. Let u(z) = -4*f(z) + 9*m(z). Determine u(7).
-1
Let n(v) = 2*v + 3. Let d = 13 + 27. Suppose -5*l + d = -0. Suppose o = -o + l. Determine n(o).
11
Let s(z) = z**3 + 5*z**2 - 2. Suppose -3*g + 19 = 2*n, 0 = -3*g + 7*g + 2*n - 28. Let a(x) = x - 14. Let q be a(g). Give s(q).
-2
Let l(x) = -7*x - 1. Let t(f) be the first derivative of 3*f**2 + 2*f - 19. Let u(i) = 5*l(i) + 6*t(i). Calculate u(-5).
2
Suppose 2*q - 3 = -1. Let w(j) be the second derivative of -5*j**3/6 - j**2/2 - 7*j. What is w(q)?
-6
Let r(k) = 49*k + 1. Let s(v) = -110*v - 1. Let p(t) = 7*r(t) + 3*s(t). Calculate p(2).
30
Let h(o) = 34*o + 8 - 11 + 38*o - 78*o - o**3 + 8*o**2 - 12. Determine h(7).
-8
Let y = 31 + -32. Let t(u) = -7*u - 1. Determine t(y).
6
Let n(a) = -2*a - 13. Let p = -105 + 95. What is n(p)?
7
Let r(k) = k**3 + 4*k**2 + 7*k + 6. Let j = -649 - -645. What is r(j)?
-22
Let d(k) = k**2 + 7*k + 5. Let f be d(-6). Let c be f - -2 - 9/(-3). Let s(p) = p + 2. Determine s(c).
6
Let c(h) = -2*h - 3. Suppose -8*z = -10*z. Suppose 0 = -z*d + 2*d. Suppose 2*g + 3 = 3*l, -2*l - g = -9 - d. Calculate c(l).
-9
Let a(n) = 1. Let q(g) = -g**3 - 5*g**2 + 2*g + 12. Let p(w) = 6*a(w) - q(w). Let c be 37/(-74)*1*8. What is p(c)?
18
Let u(g) be the second derivative of -7*g**5/20 - g**4/6 + g**2/2 + 374*g. Give u(-1).
6
Let a(b) = -b**3 - 1731*b**2 + 1728*b**2 + 1 - 2*b**3. Determine a(-2).
13
Let g(l) = -l**3 + 21*l**2 - l + 23. Let x be g(21). Let b(h) = -9 + h + 7 + 6 - x*h. Give b(8).
-4
Let y be 2/(6/21) - 0. Let j(r) = -7*r**2 - 132 + r**3 - r**2 + 8*r - 2*r + 139. Give j(y).
0
Let g(p) = 0 - 17*p + 28*p + 1 - 14*p. Let o be (-19)/17 + ((-6)/(-51))/1. Give g(o).
4
Let u(s) = -2*s + 0*s + 1607 + 3*s - 1583. Give u(-12).
12
Let h(j) = 4414*j + 0 - 4413*j + 1. What is h(8)?
9
Suppose 1 + 5 = 3*r, z = -5*r + 14. Let f(h) = -h**3 + 5*h**2 - 5*h + 2. Give f(z).
-2
Let r(i) = i**2 + 1. Let a be r(2). Suppose -5*u = 3*k - 45, -2*u + a*k + 5 = -44. Suppose -4*m - u = -28. Let q(y) = -y**2 + 5*y + 3. Calculate q(m).
7
Let g(s) = -s**3 - 5*s**2 + 8*s. Let b(c) = -c**3 + 4*c - 6. Suppose -8 = 5*h + 2*f, -16 = 4*h - 5*h + 4*f. Let z be b(h). Give g(z).
-12
Let a(p) be the first derivative of -p**4/2 + 4*p**3/3 + 3*p**2/2 - 7*p - 935. Calculate a(3).
-16
Let q(t) = 40 + t**2 - 13 - t - 2*t**2 - 22. Suppose -4*n = -3*y - 9, -2*y + 5*n = 2*y + 12. Let s be q(y). Let w(v) = -15*v**2 - 1. What is w(s)?
-16
Suppose 4*z + 44 = 8*z. Let f be 3 + z/((-55)/10). Let x(t) = -15*t**2 - 2*t + 1. Determine x(f).
-16
Let u(p) = 7*p. Let f(g) = 6*g - 10. Let o(s) = f(s) - u(s). Give o(-5).
-5
Let j(m) = m**3 + 15*m**2 + 17*m + 6. Suppose -64*x - 55 = 4*k - 63*x, 2*k = -3*x - 25. What is j(k)?
-36
Let v = 383 - 379. Let l(q) = 4*q - 6. What is l(v)?
10
Let r(h) be the first derivative of 1/3*h**3 - 5*h + 3*h**2 + 36. Determine r(-6).
-5
Suppose 0 = 12*u + 7 - 67. Let j(h) = -6*h**2 + 3 + 5*h**2 + 3 - 3 + 4*h. Determine j(u).
-2
Let k(p) = 2*p + 21. Let n(x) = x**3 + 43*x**2 + 83*x + 30. Let b be n(-41). Give k(b).
-1
Suppose 4 = -z - 3*z. Let v(n) = -14*n**2 - 9*n + 7. Let h(c) = -6*c**2 - 4*c + 3. Let o(d) = -9*h(d) + 4*v(d). Give o(z).
-1
Let y = -29 + 40. Let c = 5 - y. Let g(t) = 4*t**2 + 2*t + 3. Let s(a) = 9*a**2 + 3*a + 5. Let r(l) = 7*g(l) - 3*s(l). Give r(c).
12
Let t(p) be the second derivative of p**4/12 - 11*p**3/6 + 8*p**2 + 132*p + 3. What is t(11)?
16
Let b(s) = 48*s + 279. Let y(d) = -7*d - 40. Let c(l) = 4*b(l) + 27*y(l). Determine c(-15).
-9
Suppose -8*a + 56 = -0*a. Let s(n) = n**3 + 0 - n**2 - 8*n - 1 + 15*n - 7*n**2. Determine s(a).
-1
Let o(m) be the second derivative of 19*m**5/20 - m**3/3 - m**2/2 - 1192*m. Suppose 0*g - 4*g - 5*n = -1, -2*g + 3*n = 5. Calculate o(g).
-18
Let m(p) = p**3 + 8*p**2 + 7*p + 6. Let k be (4/(-8))/(((-25)/(-5))/40). Determine m(k).
42
Suppose -4*n = -h + 4 - 6, -4*h + n = -7. Suppose -2*f + l = -f + h, l = 3. Let s(o) = 5*o**3 + o - o - 4*o**3 + f. Determine s(0).
1
Let c(y) = 13*y**2 - 9*y + 2. Let s(o) = 8*o**2 - 6*o + 1. Let x(f) = 5*c(f) - 8*s(f). Determine x(-4).
6
Let r(t) = t**3 - 5*t**2 + 2*t + 9. Let a = -1555 + 1559. Determine r(a).
1
Let t = -81 + 86. Let j(v) = -v**2 + 7*v + 7. Determine j(t).
17
Let k(v) = -13*v**2 + 3*v - 2. Let w(l) = 3*l**2 + l + 1. Let h(b) = -k(b) - 4*w(b). Calculate h(5).
-12
Let t(m) = -m**3 - 7*m**2 - 6*m - 8. Let i be t(-6). Let z(h) = -h**2 - 7*h + 8. Let u be z(i). Let y(b) = 2*b - 14*b**2 + 1 + u*b**2 + 5*b**2. Calculate y(-1).
-10
Let z(q) be the second derivative of -1/4*q**4 - q + 0 - 1/6*q**3 - 1/20*q**5 + 0*q**2. Let r = 546 - 548. Calculate z(r).
-2
Let i(s) = 4 - 21*s + 4*s + 2 - 7. Let o(d) = 18*d + 2. Let b(j) = 3*i(j) + 2*o(j). What is b(1)?
-14
Let c(u) = -u**3 - 8*u**2 - 10*u - 7. Let g be (5 + 15/(-10))*-2. Give c(g).
14
Let q = 386 - 387. Let j(i) = i**3 + i**2 + 2*i + 1. Determine j(q).
-1
Let g(v) = v**3 - 7*v**2 + 6*v + 18. Let t be g(5). Let x(n) = 3*n**2 - 2*n**2 + 0*n**2. Determine x(t).
4
Let d(t) = 3*t - 55. Let s(c) = 4*c - 61. Let x(j) = 7*d(j) - 6*s(j). Calculate x(-6).
-1
Let p(f) = f - 7. Let s(u) = u - 24. Let c be s(29). Suppose c*k = w + 3, -w = -5*w - 5*k + 38. What is p(w)?
0
Let u(v) = -4*v**3 - v**2 - 4*v + 9. Let o(j) = 3*j**3 + 2*j**2 + 3*j - 8. Let q(p) = 5*o(p) + 4*u(p). Give q(5).
16
Let t(d) = -3*d**2 - 11*d + 5. Suppose 5*c - 4*j + 12 = 4*c, -10 = c - 3*j. What is t(c)?
1
Let n(t) = -t**2 + 5*t + 1. Let f(m) = 4*m**2 - 11*m - 2. Let u(d) = -2*f(d) - 7*n(d). Determine u(-10).
27
Let n(b) = 7 + 6 + 2*b - 6. Let t be 8*(-8)/(-96)*-9. Give n(t).
-5
Let d(a) = 3*a. Let h(v) = -v**3 + 12*v**2 + 2*v - 27. Let r be h(12). Let t be (1 - (-1 - -2)) + r. Give d(t).
-9
Let i = 128 + -121. Let h(r) be the first derivative of -i*r - 1/3*r**3 - 5 + 4*r**2. Determine h(6).
5
Let z = -147 - -151. Let p(n) be the first derivative of -1 - 2*n - 1/3*n**3 + 5/2*n**2. Determine p(z).
2
Let s be 0/(-1) + 5 + -1. Let d(o) = -44*o**2 - 3*o - 62*o**2 + 0 - 5 + o**3 + 103*o**2. Calculate d(s).
-1
Let s(g) be the third derivative of -g**5/60 + g**4/24 + 7*g**3 + g**2 - 145. What is s(0)?
42
Let w(h) be the second derivative of -h**5/120 - 7*h**4/24 + 22*h**3/3 - 22*h. Let q(l) be the second derivative of w(l). Suppose -36 + 11 = 5*k. What is q(k)?
-2
Let d be 0 - 5*3/(-3). Suppose b = 2*v - 21, -d*v + 5*b - 2*b = -55. Suppose 2*f + v = 4*a, -a + 2*f = f. Let m(z) = -3*z + 6. Calculate m(a).
-6
Let v(j) = j**3 + 3*j**2 - j + 1. Let c = -513 - -510. Calculate v(c).
4
Let p(d) = -6*d**2 + d - 1. Let u be p(1). Let q(c) = 4*c - 15 - 1 + 0*c + 12 + c**2. What is q(u)?
8
Let n(d) = 5*d**3 - 2*d**2 + d - 5. Let m(x) = 11*x**3 - 4*x**2 + 2*x - 11. Let w(b) = 6*m(b) - 13*n(b). Determine w(-3).
-7
Let j(b) = -3*b**2 - b + 1. Let t(v) = -7*v**2 + 7*v + 7. Let r(z) = 2*j(z) - t(z). Give r(7).
-19
Let u(v) = 10*v + 3. Let y(p) = 13*p + 4. Let l(t) = 4*u(t) - 3*y(t). Calculate l(6).
6
Let t(r) = -r**2 - 3*r + 2. Let u(l) = l**3 - l**2 - 14*l + 5. Let p be u(4). Calculate t(p).
2
Suppose -7*s - 16 = -9*s. Let p(j) = j**3 - 9*j**2 + 9*j - 11. Calculate p(s).
-3
Let d(k) = -13. Let u(h) = -21*h + 42. Let s(y) = -4*d(y) - u(y). What is s(-3)?
-53
Let p(m) = -10*m**3 - 3*m**2 - 3*m. Let c(i) = -i**2 - i. Let a = 21 - 43. Let q be a/(-5) - (-18)/(-45). Let t(v) = q*c(v) - p(v). What is t(-1)?
-10
Let c be -3 + (-473)/(-165) - (-116)/(-30). Let k(b) = -b**2 - 7*b - 6. What is k(c)?
6
Let k be (-1 - 1) + 33/3. Let h(o) be the third derivative of -o**5/60 + 3*o**4/8 - 5*o**3/3 + 159*o**2. Determ